{"id":355,"date":"2025-05-12T22:52:36","date_gmt":"2025-05-12T20:52:36","guid":{"rendered":"https:\/\/pgv.pgik.se\/?page_id=355"},"modified":"2025-05-12T23:36:50","modified_gmt":"2025-05-12T21:36:50","slug":"tusen-oars-kryssning","status":"publish","type":"page","link":"https:\/\/pgv.pgik.se\/index.php\/tusen-oars-kryssning\/","title":{"rendered":"Tusen \u00f6ars kryssning"},"content":{"rendered":"\n<h2 class=\"wp-block-heading\">Tusen \u00f6ars kryssning i Stockholms sk\u00e4rg\u00e5rd<\/h2>\n\n\n\n<p><br>Postgirots v\u00e4nner bjuder in till en heldagskryssning med Str\u00f6mma kanalbolaget.<\/p>\n\n\n\n<p>F\u00f6lj med p\u00e5 en exklusiv heldagskryssning d\u00e4r du under en dag f\u00e5r uppleva det b\u00e4sta av<br>Stockholms sk\u00e4rg\u00e5rd! Turen g\u00e5r med Str\u00f6mma Kanalbolagets klassiska sk\u00e4rg\u00e5rdsb\u00e5t<br>M\/S Waxholm III med guide ombord och promenader i land p\u00e5 tre \u00f6ar.<\/p>\n\n\n\n<p>Kr\u00f6garna Maria Svensson och Jesper Taube har tillsammans komponerat m\u00e5ltiderna.<br>F\u00f6rmiddagsfika, lunch, eftermiddagsfika och middag serveras ombord.<\/p>\n\n\n\n<figure class=\"wp-block-image size-full\"><img loading=\"lazy\" decoding=\"async\" width=\"620\" height=\"429\" src=\"https:\/\/pgv.pgik.se\/wp-content\/uploads\/2025\/05\/tusen_oars_kryssning.jpg\" alt=\"\" class=\"wp-image-359\" srcset=\"https:\/\/pgv.pgik.se\/wp-content\/uploads\/2025\/05\/tusen_oars_kryssning.jpg 620w, https:\/\/pgv.pgik.se\/wp-content\/uploads\/2025\/05\/tusen_oars_kryssning-300x208.jpg 300w\" sizes=\"auto, (max-width: 620px) 100vw, 620px\" \/><\/figure>\n\n\n\n<p>H\u00e4r \u00e4r hela kryssningsprogrammet d\u00e4r det ocks\u00e5 finns l\u00e4nkar till tidtabell och detaljerat<br>dagsprogram mm:<br><a href=\"https:\/\/www.stromma.com\/sv-se\/stockholm\/utflykter\/dagsutflykter\/tusen-oars-kryssning\/\">https:\/\/www.stromma.com\/sv-se\/stockholm\/utflykter\/dagsutflykter\/tusen-oars-kryssning\/<\/a><\/p>\n\n\n\n<p><strong>Datum<\/strong>: l\u00f6rdag 28 juni 2024<\/p>\n\n\n\n<ul class=\"wp-block-list\">\n<li><strong>Datum<\/strong>: l\u00f6rdag 28 juni 2024<\/li>\n\n\n\n<li><strong>Samling<\/strong>: 9.00 samling f\u00f6r ombordstigning 15 minuter f\u00f6re avg\u00e5ng 9.30.<\/li>\n\n\n\n<li><strong>Avg\u00e5ngsplats<\/strong>: Nybroviken, kajplats 9 (n\u00e4ra Nybrokajen 11), Stockholm M\/S WAXHOLM III,<br>n\u00e4rmaste allm\u00e4nna kommunikationer \u00e4r Nybroplan.<\/li>\n\n\n\n<li><strong>\u00c5ter<\/strong>: kl 20.30 vid kajen<\/li>\n<\/ul>\n\n\n\n<p>Ange om du \u00f6nskar vegetariskt alternativ eller om du \u00e4r allergisk mot n\u00e5got.<\/p>\n\n\n\n<p>Till lunchen bjuder vi p\u00e5 alkoholfri dryck och till middagen tv\u00e5 glas vin eller \u00f6l. Vi har bokat 50 platser, s\u00e5 f\u00f6rst till kvarn g\u00e4ller.<\/p>\n\n\n\n<p><strong>Anm\u00e4lan<\/strong><\/p>\n\n\n\n<p>Du anm\u00e4ler dig via mail till <a href=\"mailto:pgvaktiv@pgik.se\">pgvaktiv@pgik.se<\/a>. Anm\u00e4l dig snarast, men senast 8 juni.<\/p>\n\n\n\n<p>N\u00e4r du f\u00e5r \u00e5terkoppling fr\u00e5n oss, betalar du in anm\u00e4lningsavgiften p\u00e5 352 kr till av oss angivet pg-nr. Anm\u00e4lningsavgiften \u00e5terbetalas fram till 18 juni och d\u00e4refter om vi har reservlista. N\u00e5gra f\u00e5 platser kan avbokas utan kostnad fram till 24 timmar innan avg\u00e5ng.<\/p>\n\n\n\n<p>Varmt v\u00e4lkomna, hoppas vi ses \u00f6nskar Aktivitetsgruppen Postgirots V\u00e4nner<\/p>\n\n\n\n<p>Har du fr\u00e5gor kontakta aktivitetsansvariga:<br>Henrik Wir\u00e9n telefon 0733-13 16 52<br>Ann-Katrin Jorborn telefon 0733-13 21 43<\/p>\n","protected":false},"excerpt":{"rendered":"<p>Tusen \u00f6ars kryssning i Stockholms sk\u00e4rg\u00e5rd Postgirots v\u00e4nner bjuder in &hellip; <\/p>\n","protected":false},"author":1,"featured_media":259,"parent":0,"menu_order":0,"comment_status":"closed","ping_status":"closed","template":"","meta":{"footnotes":""},"class_list":["post-355","page","type-page","status-publish","has-post-thumbnail","hentry"],"_links":{"self":[{"href":"https:\/\/pgv.pgik.se\/index.php\/wp-json\/wp\/v2\/pages\/355","targetHints":{"allow":["GET"]}}],"collection":[{"href":"https:\/\/pgv.pgik.se\/index.php\/wp-json\/wp\/v2\/pages"}],"about":[{"href":"https:\/\/pgv.pgik.se\/index.php\/wp-json\/wp\/v2\/types\/page"}],"author":[{"embeddable":true,"href":"https:\/\/pgv.pgik.se\/index.php\/wp-json\/wp\/v2\/users\/1"}],"replies":[{"embeddable":true,"href":"https:\/\/pgv.pgik.se\/index.php\/wp-json\/wp\/v2\/comments?post=355"}],"version-history":[{"count":4,"href":"https:\/\/pgv.pgik.se\/index.php\/wp-json\/wp\/v2\/pages\/355\/revisions"}],"predecessor-version":[{"id":370,"href":"https:\/\/pgv.pgik.se\/index.php\/wp-json\/wp\/v2\/pages\/355\/revisions\/370"}],"wp:featuredmedia":[{"embeddable":true,"href":"https:\/\/pgv.pgik.se\/index.php\/wp-json\/wp\/v2\/media\/259"}],"wp:attachment":[{"href":"https:\/\/pgv.pgik.se\/index.php\/wp-json\/wp\/v2\/media?parent=355"}],"curies":[{"name":"wp","href":"https:\/\/api.w.org\/{rel}","templated":true}]}}