{"id":484,"date":"2026-01-24T13:33:35","date_gmt":"2026-01-24T12:33:35","guid":{"rendered":"https:\/\/pgv.pgik.se\/?page_id=484"},"modified":"2026-04-30T15:04:05","modified_gmt":"2026-04-30T13:04:05","slug":"aktiviteter-2026","status":"publish","type":"page","link":"https:\/\/pgv.pgik.se\/index.php\/aktiviteter-2026\/","title":{"rendered":"Tidigare aktiviteter 2026"},"content":{"rendered":"\n<h2 class=\"wp-block-heading\">Tidigare aktiviteter 2026<\/h2>\n\n\n\n<hr class=\"wp-block-separator has-alpha-channel-opacity\"\/>\n\n\n\n<div class=\"wp-block-media-text is-stacked-on-mobile\"><figure class=\"wp-block-media-text__media\"><img loading=\"lazy\" decoding=\"async\" width=\"695\" height=\"348\" src=\"https:\/\/pgv.pgik.se\/wp-content\/uploads\/2026\/03\/stadsvandring_jugend.png\" alt=\"Bild p\u00e5 l\u00e4rkstan\" class=\"wp-image-566 size-full\" srcset=\"https:\/\/pgv.pgik.se\/wp-content\/uploads\/2026\/03\/stadsvandring_jugend.png 695w, https:\/\/pgv.pgik.se\/wp-content\/uploads\/2026\/03\/stadsvandring_jugend-300x150.png 300w\" sizes=\"auto, (max-width: 695px) 100vw, 695px\" \/><\/figure><div class=\"wp-block-media-text__content\">\n<p>Onsdag <strong>29:e april<\/strong> kl 17:00<\/p>\n\n\n\n<p>Stadsvandring Jugend och Nationalromantik&nbsp;<\/p>\n\n\n\n<p>Middag efter\u00e5t p\u00e5 Restaurang Cypern f\u00f6r de som vill.<\/p>\n<\/div><\/div>\n\n\n\n<hr class=\"wp-block-separator has-alpha-channel-opacity\"\/>\n\n\n\n<div class=\"wp-block-media-text has-media-on-the-right is-stacked-on-mobile\"><div class=\"wp-block-media-text__content\">\n<p><strong>&amp;Julia p\u00e5 Cirkus<\/strong><br><br>Torsdag <strong>16 april<\/strong>, kl 19.30.<\/p>\n<\/div><figure class=\"wp-block-media-text__media\"><img loading=\"lazy\" decoding=\"async\" width=\"305\" height=\"225\" src=\"https:\/\/pgv.pgik.se\/wp-content\/uploads\/2026\/02\/julia.jpg\" alt=\"Bild p\u00e5 &amp;Julia\" class=\"wp-image-533 size-full\" srcset=\"https:\/\/pgv.pgik.se\/wp-content\/uploads\/2026\/02\/julia.jpg 305w, https:\/\/pgv.pgik.se\/wp-content\/uploads\/2026\/02\/julia-300x221.jpg 300w\" sizes=\"auto, (max-width: 305px) 100vw, 305px\" \/><\/figure><\/div>\n\n\n\n<hr class=\"wp-block-separator has-alpha-channel-opacity\"\/>\n\n\n\n<div class=\"wp-block-media-text is-stacked-on-mobile\"><figure class=\"wp-block-media-text__media\"><img loading=\"lazy\" decoding=\"async\" width=\"1001\" height=\"667\" src=\"https:\/\/pgv.pgik.se\/wp-content\/uploads\/2025\/01\/arsmote.jpeg\" alt=\"Dags f\u00f6r \u00e5rsm\u00f6te\" class=\"wp-image-73 size-full\" srcset=\"https:\/\/pgv.pgik.se\/wp-content\/uploads\/2025\/01\/arsmote.jpeg 1001w, https:\/\/pgv.pgik.se\/wp-content\/uploads\/2025\/01\/arsmote-300x200.jpeg 300w, https:\/\/pgv.pgik.se\/wp-content\/uploads\/2025\/01\/arsmote-768x512.jpeg 768w, https:\/\/pgv.pgik.se\/wp-content\/uploads\/2025\/01\/arsmote-370x247.jpeg 370w, https:\/\/pgv.pgik.se\/wp-content\/uploads\/2025\/01\/arsmote-776x517.jpeg 776w\" sizes=\"auto, (max-width: 1001px) 100vw, 1001px\" \/><\/figure><div class=\"wp-block-media-text__content\">\n<p>\u00c5rsm\u00f6te <strong>19 mars<\/strong> 2026<\/p>\n\n\n\n<p>IVA konferenscenter, Grev Turegatan 16. \u00c5rsm\u00f6tet b\u00f6rjar kl 17.<\/p>\n\n\n\n<p><a href=\"https:\/\/pgv.pgik.se\/index.php\/arsmote\/\" data-type=\"page\" data-id=\"493\">L\u00e4s mer<\/a><\/p>\n<\/div><\/div>\n\n\n\n<hr class=\"wp-block-separator has-alpha-channel-opacity\"\/>\n\n\n\n<div class=\"wp-block-media-text has-media-on-the-right is-stacked-on-mobile\"><div class=\"wp-block-media-text__content\">\n<p>&#8221;Trassel&#8221; p\u00e5 Oscarsteatern<\/p>\n\n\n\n<p>Torsdagen den <strong>5 februari<\/strong>, kl 19.30.<\/p>\n<\/div><figure class=\"wp-block-media-text__media\"><img loading=\"lazy\" decoding=\"async\" width=\"1024\" height=\"538\" src=\"https:\/\/pgv.pgik.se\/wp-content\/uploads\/2025\/12\/trassel_banner-1024x538.webp\" alt=\"Bild p\u00e5 Trassel\" class=\"wp-image-456 size-full\" srcset=\"https:\/\/pgv.pgik.se\/wp-content\/uploads\/2025\/12\/trassel_banner-1024x538.webp 1024w, https:\/\/pgv.pgik.se\/wp-content\/uploads\/2025\/12\/trassel_banner-300x158.webp 300w, https:\/\/pgv.pgik.se\/wp-content\/uploads\/2025\/12\/trassel_banner-768x403.webp 768w, https:\/\/pgv.pgik.se\/wp-content\/uploads\/2025\/12\/trassel_banner.webp 1200w\" sizes=\"auto, (max-width: 1024px) 100vw, 1024px\" \/><\/figure><\/div>\n\n\n\n<hr class=\"wp-block-separator has-alpha-channel-opacity\"\/>\n\n\n\n<div class=\"wp-block-media-text is-stacked-on-mobile\"><figure class=\"wp-block-media-text__media\"><img loading=\"lazy\" decoding=\"async\" width=\"1024\" height=\"683\" src=\"https:\/\/pgv.pgik.se\/wp-content\/uploads\/2025\/10\/argbigga-1024x683.jpg\" alt=\"S\u00e5 tuktas en argbigga\" class=\"wp-image-430 size-full\" srcset=\"https:\/\/pgv.pgik.se\/wp-content\/uploads\/2025\/10\/argbigga-1024x683.jpg 1024w, https:\/\/pgv.pgik.se\/wp-content\/uploads\/2025\/10\/argbigga-300x200.jpg 300w, https:\/\/pgv.pgik.se\/wp-content\/uploads\/2025\/10\/argbigga-768x512.jpg 768w, https:\/\/pgv.pgik.se\/wp-content\/uploads\/2025\/10\/argbigga-1536x1024.jpg 1536w, https:\/\/pgv.pgik.se\/wp-content\/uploads\/2025\/10\/argbigga-370x247.jpg 370w, https:\/\/pgv.pgik.se\/wp-content\/uploads\/2025\/10\/argbigga-776x517.jpg 776w, https:\/\/pgv.pgik.se\/wp-content\/uploads\/2025\/10\/argbigga.jpg 2048w\" sizes=\"auto, (max-width: 1024px) 100vw, 1024px\" \/><\/figure><div class=\"wp-block-media-text__content\">\n<p>&#8221;S\u00e5 tuktas en argbigga&#8221; p\u00e5 Dramaten<\/p>\n\n\n\n<p>L\u00f6rdagen den <strong>17 januari<\/strong> kl 13.00. <\/p>\n<\/div><\/div>\n\n\n\n<hr class=\"wp-block-separator has-alpha-channel-opacity\"\/>\n\n\n\n<p><a href=\"https:\/\/pgv.pgik.se\/index.php\/aktiviteter-2\/\" data-type=\"page\" data-id=\"41\">Se kommande aktiviteter<\/a><\/p>\n\n\n\n<p><\/p>\n","protected":false},"excerpt":{"rendered":"<p>Tidigare aktiviteter 2026 Onsdag 29:e april kl 17:00 Stadsvandring Jugend &hellip; <\/p>\n","protected":false},"author":1,"featured_media":430,"parent":0,"menu_order":0,"comment_status":"closed","ping_status":"closed","template":"","meta":{"footnotes":""},"class_list":["post-484","page","type-page","status-publish","has-post-thumbnail","hentry"],"_links":{"self":[{"href":"https:\/\/pgv.pgik.se\/index.php\/wp-json\/wp\/v2\/pages\/484","targetHints":{"allow":["GET"]}}],"collection":[{"href":"https:\/\/pgv.pgik.se\/index.php\/wp-json\/wp\/v2\/pages"}],"about":[{"href":"https:\/\/pgv.pgik.se\/index.php\/wp-json\/wp\/v2\/types\/page"}],"author":[{"embeddable":true,"href":"https:\/\/pgv.pgik.se\/index.php\/wp-json\/wp\/v2\/users\/1"}],"replies":[{"embeddable":true,"href":"https:\/\/pgv.pgik.se\/index.php\/wp-json\/wp\/v2\/comments?post=484"}],"version-history":[{"count":7,"href":"https:\/\/pgv.pgik.se\/index.php\/wp-json\/wp\/v2\/pages\/484\/revisions"}],"predecessor-version":[{"id":585,"href":"https:\/\/pgv.pgik.se\/index.php\/wp-json\/wp\/v2\/pages\/484\/revisions\/585"}],"wp:featuredmedia":[{"embeddable":true,"href":"https:\/\/pgv.pgik.se\/index.php\/wp-json\/wp\/v2\/media\/430"}],"wp:attachment":[{"href":"https:\/\/pgv.pgik.se\/index.php\/wp-json\/wp\/v2\/media?parent=484"}],"curies":[{"name":"wp","href":"https:\/\/api.w.org\/{rel}","templated":true}]}}