{"id":55,"date":"2025-01-04T00:42:58","date_gmt":"2025-01-03T23:42:58","guid":{"rendered":"https:\/\/pgv.pgik.se\/?page_id=55"},"modified":"2025-02-03T22:10:45","modified_gmt":"2025-02-03T21:10:45","slug":"aktiviteter-2024","status":"publish","type":"page","link":"https:\/\/pgv.pgik.se\/index.php\/aktiviteter-2024\/","title":{"rendered":"Aktiviteter 2024"},"content":{"rendered":"\n<h2 class=\"wp-block-heading\">Aktiviteter 2024 <\/h2>\n\n\n\n<div class=\"wp-block-media-text has-media-on-the-right is-stacked-on-mobile\"><div class=\"wp-block-media-text__content\">\n<p><strong>Tisdagen den 3 december<\/strong><br>Postgirots V\u00e4nner v\u00e4lkomnade till julbord p\u00e5 Operaterrassen, vid Kungstr\u00e4dg\u00e5rden. Fint julbord som uppskattades mycket av 96 medlemmar.<\/p>\n<\/div><figure class=\"wp-block-media-text__media\"><img loading=\"lazy\" decoding=\"async\" width=\"800\" height=\"528\" src=\"https:\/\/pgv.pgik.se\/wp-content\/uploads\/2025\/01\/operaterrassan.jpeg\" alt=\"Bild p\u00e5 Operaterrassen\" class=\"wp-image-88 size-thumbnail\" srcset=\"https:\/\/pgv.pgik.se\/wp-content\/uploads\/2025\/01\/operaterrassan.jpeg 800w, https:\/\/pgv.pgik.se\/wp-content\/uploads\/2025\/01\/operaterrassan-300x198.jpeg 300w, https:\/\/pgv.pgik.se\/wp-content\/uploads\/2025\/01\/operaterrassan-768x507.jpeg 768w\" sizes=\"auto, (max-width: 800px) 100vw, 800px\" \/><\/figure><\/div>\n\n\n\n<hr class=\"wp-block-separator has-alpha-channel-opacity\"\/>\n\n\n\n<div class=\"wp-block-media-text is-stacked-on-mobile\"><figure class=\"wp-block-media-text__media\"><img loading=\"lazy\" decoding=\"async\" width=\"1024\" height=\"807\" src=\"https:\/\/pgv.pgik.se\/wp-content\/uploads\/2025\/01\/blacksta-1024x807.jpg\" alt=\"Bild p\u00e5 Blacksta ving\u00e5rd\" class=\"wp-image-90 size-thumbnail\" srcset=\"https:\/\/pgv.pgik.se\/wp-content\/uploads\/2025\/01\/blacksta-1024x807.jpg 1024w, https:\/\/pgv.pgik.se\/wp-content\/uploads\/2025\/01\/blacksta-300x236.jpg 300w, https:\/\/pgv.pgik.se\/wp-content\/uploads\/2025\/01\/blacksta-768x605.jpg 768w, https:\/\/pgv.pgik.se\/wp-content\/uploads\/2025\/01\/blacksta.jpg 1067w\" sizes=\"auto, (max-width: 1024px) 100vw, 1024px\" \/><\/figure><div class=\"wp-block-media-text__content\">\n<p><strong>Fredag 25 \u2013 l\u00f6rdag 26 oktober<\/strong><br>PGV\u00e4nner bj\u00f6d in till en gastronomisk upplevelse p\u00e5 Blacksta ving\u00e5rd, som ligger vackert utmed sj\u00f6n L\u00e5nghalsen i S\u00f6rmland.<\/p>\n\n\n\n<p>Vi b\u00f6rjade med fika, d\u00e4refter promenader och sedan provning av g\u00e5rdens eget producerade vin och \u00f6l. En god middag intogs p\u00e5 Restaurang Blacke som anv\u00e4nder f\u00e4rska r\u00e5varor fr\u00e5n g\u00e5rden och n\u00e4rproducerade ingredienser i sin matlagning. N\u00e5gra fick \u00f6vernatta i fina Hedensunda slott n\u00e5gra kilometer bort och det gick ocks\u00e5 bra. 31 mycket n\u00f6jda medlemmar deltog.<\/p>\n<\/div><\/div>\n\n\n\n<hr class=\"wp-block-separator has-alpha-channel-opacity\"\/>\n\n\n\n<div class=\"wp-block-media-text has-media-on-the-right is-stacked-on-mobile\"><div class=\"wp-block-media-text__content\">\n<p><strong>L\u00f6rdagen den 21 september<\/strong><br>\u201dMitt perfekta liv\u201d en stand-up show av M\u00e5ns M\u00f6ller p\u00e5 Teater Rival, Mariatorget.<\/p>\n\n\n\n<p>Promenad fr\u00e5n Rival till restaurang Kvarnen.Vi serverades en mycket god trer\u00e4ttersmiddag p\u00e5 restaurangen. 38 glada medlemmar deltog.<\/p>\n<\/div><figure class=\"wp-block-media-text__media\"><img loading=\"lazy\" decoding=\"async\" width=\"1024\" height=\"576\" src=\"https:\/\/pgv.pgik.se\/wp-content\/uploads\/2025\/01\/mans_moller-1024x576.jpg\" alt=\"Bild p\u00e5 M\u00e5ns M\u00f6llers show\" class=\"wp-image-91 size-thumbnail\" srcset=\"https:\/\/pgv.pgik.se\/wp-content\/uploads\/2025\/01\/mans_moller-1024x576.jpg 1024w, https:\/\/pgv.pgik.se\/wp-content\/uploads\/2025\/01\/mans_moller-300x169.jpg 300w, https:\/\/pgv.pgik.se\/wp-content\/uploads\/2025\/01\/mans_moller-768x432.jpg 768w, https:\/\/pgv.pgik.se\/wp-content\/uploads\/2025\/01\/mans_moller-1536x864.jpg 1536w, https:\/\/pgv.pgik.se\/wp-content\/uploads\/2025\/01\/mans_moller.jpg 1920w\" sizes=\"auto, (max-width: 1024px) 100vw, 1024px\" \/><\/figure><\/div>\n\n\n\n<hr class=\"wp-block-separator has-alpha-channel-opacity\"\/>\n\n\n\n<div class=\"wp-block-media-text is-stacked-on-mobile\"><figure class=\"wp-block-media-text__media\"><img loading=\"lazy\" decoding=\"async\" width=\"1024\" height=\"536\" src=\"https:\/\/pgv.pgik.se\/wp-content\/uploads\/2025\/01\/viking_cinderella-1024x536.jpg\" alt=\"Bild p\u00e5 M\/S Viking Cinderella\" class=\"wp-image-92 size-thumbnail\" srcset=\"https:\/\/pgv.pgik.se\/wp-content\/uploads\/2025\/01\/viking_cinderella-1024x536.jpg 1024w, https:\/\/pgv.pgik.se\/wp-content\/uploads\/2025\/01\/viking_cinderella-300x157.jpg 300w, https:\/\/pgv.pgik.se\/wp-content\/uploads\/2025\/01\/viking_cinderella-768x402.jpg 768w, https:\/\/pgv.pgik.se\/wp-content\/uploads\/2025\/01\/viking_cinderella.avif 1200w\" sizes=\"auto, (max-width: 1024px) 100vw, 1024px\" \/><\/figure><div class=\"wp-block-media-text__content\">\n<p><strong>M\u00e5ndag 2 \u2013 onsdag 4 september<\/strong><br>I resan ingick tv\u00e5 n\u00e4tter p\u00e5 b\u00e5ten i delad hytt, \u00e0 la carte middag med dryck p\u00e5 utresan, middagsbuff\u00e9 med dryck p\u00e5 hemresan och frukostbuff\u00e9 p\u00e5 b\u00e5da resorna. <\/p>\n\n\n\n<p>I Helsingfors fanns m\u00f6jlighet att g\u00f6ra en guidad tur genom centrum med en hop-on hop-off buss, eller bara strosa runt i staden p\u00e5 egen hand. Turen inleddes med en samling i ett konferensrum med v\u00e4lkomstbubbel och ett Kviss som handlade om Sverige och Finland och l\u00e4ndernas gemensamma historia. <\/p>\n\n\n\n<p>Deltagarna uppskattade researrangemanget mycket, att gruppen var liten och att man hann \u2019prata med alla\u2019 framh\u00f6lls av m\u00e5nga. 18 medlemmar deltog.<\/p>\n<\/div><\/div>\n\n\n\n<hr class=\"wp-block-separator has-alpha-channel-opacity\"\/>\n\n\n\n<div class=\"wp-block-media-text has-media-on-the-right is-stacked-on-mobile\"><div class=\"wp-block-media-text__content\">\n<p><strong>Torsdag 13 juni 2024<\/strong><br>Middagskryssning med trubadur i Stockholms sk\u00e4rg\u00e5rd med Str\u00f6mmakanal bolaget. Kv\u00e4llens buff\u00e9 och trubadur uppskattades mycket av deltagarna. 41 medlemmar deltog.<\/p>\n<\/div><figure class=\"wp-block-media-text__media\"><img loading=\"lazy\" decoding=\"async\" width=\"623\" height=\"431\" src=\"https:\/\/pgv.pgik.se\/wp-content\/uploads\/2025\/01\/trubadur.jpg\" alt=\"Sk\u00e4rg\u00e5rdskryssning med trubadur\" class=\"wp-image-140 size-full\" srcset=\"https:\/\/pgv.pgik.se\/wp-content\/uploads\/2025\/01\/trubadur.jpg 623w, https:\/\/pgv.pgik.se\/wp-content\/uploads\/2025\/01\/trubadur-300x208.jpg 300w\" sizes=\"auto, (max-width: 623px) 100vw, 623px\" \/><\/figure><\/div>\n\n\n\n<hr class=\"wp-block-separator has-alpha-channel-opacity\"\/>\n\n\n\n<div class=\"wp-block-media-text is-stacked-on-mobile\"><figure class=\"wp-block-media-text__media\"><img loading=\"lazy\" decoding=\"async\" width=\"1024\" height=\"576\" src=\"https:\/\/pgv.pgik.se\/wp-content\/uploads\/2025\/01\/abba_museum-1024x576.jpg\" alt=\"Bild p\u00e5 Abba the museum\" class=\"wp-image-93 size-thumbnail\" srcset=\"https:\/\/pgv.pgik.se\/wp-content\/uploads\/2025\/01\/abba_museum-1024x576.jpg 1024w, https:\/\/pgv.pgik.se\/wp-content\/uploads\/2025\/01\/abba_museum-300x169.jpg 300w, https:\/\/pgv.pgik.se\/wp-content\/uploads\/2025\/01\/abba_museum-768x432.jpg 768w, https:\/\/pgv.pgik.se\/wp-content\/uploads\/2025\/01\/abba_museum.jpg 1280w\" sizes=\"auto, (max-width: 1024px) 100vw, 1024px\" \/><\/figure><div class=\"wp-block-media-text__content\">\n<p><strong>Torsdag 23 maj<\/strong><br>Det var 50 \u00e5r sedan ABBA vann Eurovision song contest med Waterloo. Ett stort \u00f6gonblick i svensk musikhistoria och b\u00f6rjan p\u00e5 det svenska musikundret. Det uppm\u00e4rksammade vi, Postgirots V\u00e4nner \u201dPGV\u201d, med ett bes\u00f6k p\u00e5 ABBA-museet och efterf\u00f6ljande middag p\u00e5 V\u00e4rdshuset Ulla Winbladh. Arrangemanget fick mycket ber\u00f6m fr\u00e5n deltagarna. 49 medlemmar deltog.<\/p>\n<\/div><\/div>\n\n\n\n<hr class=\"wp-block-separator has-alpha-channel-opacity\"\/>\n\n\n\n<div class=\"wp-block-media-text has-media-on-the-right is-stacked-on-mobile\"><div class=\"wp-block-media-text__content\">\n<p><strong>Tisdagen 12 mars kl 16<\/strong><br>\u00c5rsm\u00f6te p\u00e5 IVA Konferenscenter, Grev Turegatan 16 och middagsbuff\u00e9 p\u00e5 Restaurang Grodan. 70 medlemmar deltog.<\/p>\n<\/div><figure class=\"wp-block-media-text__media\"><img loading=\"lazy\" decoding=\"async\" width=\"1001\" height=\"667\" src=\"https:\/\/pgv.pgik.se\/wp-content\/uploads\/2025\/01\/arsmote.jpeg\" alt=\"Bild p\u00e5 ordf\u00f6randeklubba\" class=\"wp-image-73 size-full\" srcset=\"https:\/\/pgv.pgik.se\/wp-content\/uploads\/2025\/01\/arsmote.jpeg 1001w, https:\/\/pgv.pgik.se\/wp-content\/uploads\/2025\/01\/arsmote-300x200.jpeg 300w, https:\/\/pgv.pgik.se\/wp-content\/uploads\/2025\/01\/arsmote-768x512.jpeg 768w, https:\/\/pgv.pgik.se\/wp-content\/uploads\/2025\/01\/arsmote-370x247.jpeg 370w, https:\/\/pgv.pgik.se\/wp-content\/uploads\/2025\/01\/arsmote-776x517.jpeg 776w\" sizes=\"auto, (max-width: 1001px) 100vw, 1001px\" \/><\/figure><\/div>\n\n\n\n<hr class=\"wp-block-separator has-alpha-channel-opacity\"\/>\n\n\n\n<div class=\"wp-block-media-text is-stacked-on-mobile\"><figure class=\"wp-block-media-text__media\"><img loading=\"lazy\" decoding=\"async\" width=\"640\" height=\"480\" src=\"https:\/\/pgv.pgik.se\/wp-content\/uploads\/2025\/01\/golden_hits.jpg\" alt=\"Bild p\u00e5 Golden Hits\" class=\"wp-image-94 size-thumbnail\" srcset=\"https:\/\/pgv.pgik.se\/wp-content\/uploads\/2025\/01\/golden_hits.jpg 640w, https:\/\/pgv.pgik.se\/wp-content\/uploads\/2025\/01\/golden_hits-300x225.jpg 300w, https:\/\/pgv.pgik.se\/wp-content\/uploads\/2025\/01\/golden_hits-110x83.jpg 110w\" sizes=\"auto, (max-width: 640px) 100vw, 640px\" \/><\/figure><div class=\"wp-block-media-text__content\">\n<p><strong>Torsdag 29 februari<\/strong><br>En festkv\u00e4ll p\u00e5 Restaurang Golden Hits. Middagsshow \u201dA blast From the Past och trer\u00e4tters-middag ingick. 54 medlemmar deltog.<\/p>\n<\/div><\/div>\n\n\n\n<hr class=\"wp-block-separator has-alpha-channel-opacity\"\/>\n\n\n\n<p><a href=\"https:\/\/pgv.pgik.se\/index.php\/aktiviteter-2\/\" data-type=\"page\" data-id=\"41\">Tillbaka till sidan f\u00f6r aktiviteter<\/a><\/p>\n\n\n\n<p><a href=\"https:\/\/pgv.pgik.se\/index.php\/aktiviteter-2023\/\" data-type=\"page\" data-id=\"149\">Se aktiviteter f\u00f6r 2023<\/a><\/p>\n\n\n\n<p><\/p>\n","protected":false},"excerpt":{"rendered":"<p>Aktiviteter 2024 Tisdagen den 3 decemberPostgirots V\u00e4nner v\u00e4lkomnade till julbord &hellip; <\/p>\n","protected":false},"author":1,"featured_media":94,"parent":0,"menu_order":0,"comment_status":"closed","ping_status":"closed","template":"","meta":{"footnotes":""},"class_list":["post-55","page","type-page","status-publish","has-post-thumbnail","hentry"],"_links":{"self":[{"href":"https:\/\/pgv.pgik.se\/index.php\/wp-json\/wp\/v2\/pages\/55","targetHints":{"allow":["GET"]}}],"collection":[{"href":"https:\/\/pgv.pgik.se\/index.php\/wp-json\/wp\/v2\/pages"}],"about":[{"href":"https:\/\/pgv.pgik.se\/index.php\/wp-json\/wp\/v2\/types\/page"}],"author":[{"embeddable":true,"href":"https:\/\/pgv.pgik.se\/index.php\/wp-json\/wp\/v2\/users\/1"}],"replies":[{"embeddable":true,"href":"https:\/\/pgv.pgik.se\/index.php\/wp-json\/wp\/v2\/comments?post=55"}],"version-history":[{"count":20,"href":"https:\/\/pgv.pgik.se\/index.php\/wp-json\/wp\/v2\/pages\/55\/revisions"}],"predecessor-version":[{"id":246,"href":"https:\/\/pgv.pgik.se\/index.php\/wp-json\/wp\/v2\/pages\/55\/revisions\/246"}],"wp:featuredmedia":[{"embeddable":true,"href":"https:\/\/pgv.pgik.se\/index.php\/wp-json\/wp\/v2\/media\/94"}],"wp:attachment":[{"href":"https:\/\/pgv.pgik.se\/index.php\/wp-json\/wp\/v2\/media?parent=55"}],"curies":[{"name":"wp","href":"https:\/\/api.w.org\/{rel}","templated":true}]}}

<h2 class="wp-block-heading">Aktiviteter 2024 </h2>



<div class="wp-block-media-text has-media-on-the-right is-stacked-on-mobile"><div class="wp-block-media-text__content">
<p><strong>Tisdagen den 3 december</strong><br>Postgirots Vänner välkomnade till julbord på Operaterrassen, vid Kungsträdgården. Fint julbord som uppskattades mycket av 96 medlemmar.</p>
</div><figure class="wp-block-media-text__media"><img loading="lazy" decoding="async" width="800" height="528" src="https://pgv.pgik.se/wp-content/uploads/2025/01/operaterrassan.jpeg" alt="Bild på Operaterrassen" class="wp-image-88 size-thumbnail" srcset="https://pgv.pgik.se/wp-content/uploads/2025/01/operaterrassan.jpeg 800w, https://pgv.pgik.se/wp-content/uploads/2025/01/operaterrassan-300x198.jpeg 300w, https://pgv.pgik.se/wp-content/uploads/2025/01/operaterrassan-768x507.jpeg 768w" sizes="auto, (max-width: 800px) 100vw, 800px" /></figure></div>



<hr class="wp-block-separator has-alpha-channel-opacity"/>



<div class="wp-block-media-text is-stacked-on-mobile"><figure class="wp-block-media-text__media"><img loading="lazy" decoding="async" width="1024" height="807" src="https://pgv.pgik.se/wp-content/uploads/2025/01/blacksta-1024x807.jpg" alt="Bild på Blacksta vingård" class="wp-image-90 size-thumbnail" srcset="https://pgv.pgik.se/wp-content/uploads/2025/01/blacksta-1024x807.jpg 1024w, https://pgv.pgik.se/wp-content/uploads/2025/01/blacksta-300x236.jpg 300w, https://pgv.pgik.se/wp-content/uploads/2025/01/blacksta-768x605.jpg 768w, https://pgv.pgik.se/wp-content/uploads/2025/01/blacksta.jpg 1067w" sizes="auto, (max-width: 1024px) 100vw, 1024px" /></figure><div class="wp-block-media-text__content">
<p><strong>Fredag 25 – lördag 26 oktober</strong><br>PGVänner bjöd in till en gastronomisk upplevelse på Blacksta vingård, som ligger vackert utmed sjön Långhalsen i Sörmland.</p>



<p>Vi började med fika, därefter promenader och sedan provning av gårdens eget producerade vin och öl. En god middag intogs på Restaurang Blacke som använder färska råvaror från gården och närproducerade ingredienser i sin matlagning. Några fick övernatta i fina Hedensunda slott några kilometer bort och det gick också bra. 31 mycket nöjda medlemmar deltog.</p>
</div></div>



<hr class="wp-block-separator has-alpha-channel-opacity"/>



<div class="wp-block-media-text has-media-on-the-right is-stacked-on-mobile"><div class="wp-block-media-text__content">
<p><strong>Lördagen den 21 september</strong><br>”Mitt perfekta liv” en stand-up show av Måns Möller på Teater Rival, Mariatorget.</p>



<p>Promenad från Rival till restaurang Kvarnen.Vi serverades en mycket god trerättersmiddag på restaurangen. 38 glada medlemmar deltog.</p>
</div><figure class="wp-block-media-text__media"><img loading="lazy" decoding="async" width="1024" height="576" src="https://pgv.pgik.se/wp-content/uploads/2025/01/mans_moller-1024x576.jpg" alt="Bild på Måns Möllers show" class="wp-image-91 size-thumbnail" srcset="https://pgv.pgik.se/wp-content/uploads/2025/01/mans_moller-1024x576.jpg 1024w, https://pgv.pgik.se/wp-content/uploads/2025/01/mans_moller-300x169.jpg 300w, https://pgv.pgik.se/wp-content/uploads/2025/01/mans_moller-768x432.jpg 768w, https://pgv.pgik.se/wp-content/uploads/2025/01/mans_moller-1536x864.jpg 1536w, https://pgv.pgik.se/wp-content/uploads/2025/01/mans_moller.jpg 1920w" sizes="auto, (max-width: 1024px) 100vw, 1024px" /></figure></div>



<hr class="wp-block-separator has-alpha-channel-opacity"/>



<div class="wp-block-media-text is-stacked-on-mobile"><figure class="wp-block-media-text__media"><img loading="lazy" decoding="async" width="1024" height="536" src="https://pgv.pgik.se/wp-content/uploads/2025/01/viking_cinderella-1024x536.jpg" alt="Bild på M/S Viking Cinderella" class="wp-image-92 size-thumbnail" srcset="https://pgv.pgik.se/wp-content/uploads/2025/01/viking_cinderella-1024x536.jpg 1024w, https://pgv.pgik.se/wp-content/uploads/2025/01/viking_cinderella-300x157.jpg 300w, https://pgv.pgik.se/wp-content/uploads/2025/01/viking_cinderella-768x402.jpg 768w, https://pgv.pgik.se/wp-content/uploads/2025/01/viking_cinderella.avif 1200w" sizes="auto, (max-width: 1024px) 100vw, 1024px" /></figure><div class="wp-block-media-text__content">
<p><strong>Måndag 2 – onsdag 4 september</strong><br>I resan ingick två nätter på båten i delad hytt, à la carte middag med dryck på utresan, middagsbuffé med dryck på hemresan och frukostbuffé på båda resorna. </p>



<p>I Helsingfors fanns möjlighet att göra en guidad tur genom centrum med en hop-on hop-off buss, eller bara strosa runt i staden på egen hand. Turen inleddes med en samling i ett konferensrum med välkomstbubbel och ett Kviss som handlade om Sverige och Finland och ländernas gemensamma historia. </p>



<p>Deltagarna uppskattade researrangemanget mycket, att gruppen var liten och att man hann ’prata med alla’ framhölls av många. 18 medlemmar deltog.</p>
</div></div>



<hr class="wp-block-separator has-alpha-channel-opacity"/>



<div class="wp-block-media-text has-media-on-the-right is-stacked-on-mobile"><div class="wp-block-media-text__content">
<p><strong>Torsdag 13 juni 2024</strong><br>Middagskryssning med trubadur i Stockholms skärgård med Strömmakanal bolaget. Kvällens buffé och trubadur uppskattades mycket av deltagarna. 41 medlemmar deltog.</p>
</div><figure class="wp-block-media-text__media"><img loading="lazy" decoding="async" width="623" height="431" src="https://pgv.pgik.se/wp-content/uploads/2025/01/trubadur.jpg" alt="Skärgårdskryssning med trubadur" class="wp-image-140 size-full" srcset="https://pgv.pgik.se/wp-content/uploads/2025/01/trubadur.jpg 623w, https://pgv.pgik.se/wp-content/uploads/2025/01/trubadur-300x208.jpg 300w" sizes="auto, (max-width: 623px) 100vw, 623px" /></figure></div>



<hr class="wp-block-separator has-alpha-channel-opacity"/>



<div class="wp-block-media-text is-stacked-on-mobile"><figure class="wp-block-media-text__media"><img loading="lazy" decoding="async" width="1024" height="576" src="https://pgv.pgik.se/wp-content/uploads/2025/01/abba_museum-1024x576.jpg" alt="Bild på Abba the museum" class="wp-image-93 size-thumbnail" srcset="https://pgv.pgik.se/wp-content/uploads/2025/01/abba_museum-1024x576.jpg 1024w, https://pgv.pgik.se/wp-content/uploads/2025/01/abba_museum-300x169.jpg 300w, https://pgv.pgik.se/wp-content/uploads/2025/01/abba_museum-768x432.jpg 768w, https://pgv.pgik.se/wp-content/uploads/2025/01/abba_museum.jpg 1280w" sizes="auto, (max-width: 1024px) 100vw, 1024px" /></figure><div class="wp-block-media-text__content">
<p><strong>Torsdag 23 maj</strong><br>Det var 50 år sedan ABBA vann Eurovision song contest med Waterloo. Ett stort ögonblick i svensk musikhistoria och början på det svenska musikundret. Det uppmärksammade vi, Postgirots Vänner ”PGV”, med ett besök på ABBA-museet och efterföljande middag på Värdshuset Ulla Winbladh. Arrangemanget fick mycket beröm från deltagarna. 49 medlemmar deltog.</p>
</div></div>



<hr class="wp-block-separator has-alpha-channel-opacity"/>



<div class="wp-block-media-text has-media-on-the-right is-stacked-on-mobile"><div class="wp-block-media-text__content">
<p><strong>Tisdagen 12 mars kl 16</strong><br>Årsmöte på IVA Konferenscenter, Grev Turegatan 16 och middagsbuffé på Restaurang Grodan. 70 medlemmar deltog.</p>
</div><figure class="wp-block-media-text__media"><img loading="lazy" decoding="async" width="1001" height="667" src="https://pgv.pgik.se/wp-content/uploads/2025/01/arsmote.jpeg" alt="Bild på ordförandeklubba" class="wp-image-73 size-full" srcset="https://pgv.pgik.se/wp-content/uploads/2025/01/arsmote.jpeg 1001w, https://pgv.pgik.se/wp-content/uploads/2025/01/arsmote-300x200.jpeg 300w, https://pgv.pgik.se/wp-content/uploads/2025/01/arsmote-768x512.jpeg 768w, https://pgv.pgik.se/wp-content/uploads/2025/01/arsmote-370x247.jpeg 370w, https://pgv.pgik.se/wp-content/uploads/2025/01/arsmote-776x517.jpeg 776w" sizes="auto, (max-width: 1001px) 100vw, 1001px" /></figure></div>



<hr class="wp-block-separator has-alpha-channel-opacity"/>



<div class="wp-block-media-text is-stacked-on-mobile"><figure class="wp-block-media-text__media"><img loading="lazy" decoding="async" width="640" height="480" src="https://pgv.pgik.se/wp-content/uploads/2025/01/golden_hits.jpg" alt="Bild på Golden Hits" class="wp-image-94 size-thumbnail" srcset="https://pgv.pgik.se/wp-content/uploads/2025/01/golden_hits.jpg 640w, https://pgv.pgik.se/wp-content/uploads/2025/01/golden_hits-300x225.jpg 300w, https://pgv.pgik.se/wp-content/uploads/2025/01/golden_hits-110x83.jpg 110w" sizes="auto, (max-width: 640px) 100vw, 640px" /></figure><div class="wp-block-media-text__content">
<p><strong>Torsdag 29 februari</strong><br>En festkväll på Restaurang Golden Hits. Middagsshow ”A blast From the Past och trerätters-middag ingick. 54 medlemmar deltog.</p>
</div></div>



<hr class="wp-block-separator has-alpha-channel-opacity"/>



<p><a href="https://pgv.pgik.se/index.php/aktiviteter-2/" data-type="page" data-id="41">Tillbaka till sidan för aktiviteter</a></p>



<p><a href="https://pgv.pgik.se/index.php/aktiviteter-2023/" data-type="page" data-id="149">Se aktiviteter för 2023</a></p>



<p></p>

<p>Aktiviteter 2024 Tisdagen den 3 decemberPostgirots Vänner välkomnade till julbord &hellip; </p>
